v + 40. Suppose -20 = -3*l + 5*p, -4*p = -30 + v. Calculate the remainder when l is divided by 9.
6
Let t = 49 + -33. Let b = -53 - -132. Suppose 4*l - 241 = 2*o - 59, -5*o - b = -2*l. What is the remainder when l is divided by t?
15
Suppose 4*u = -0*u - 20. What is the remainder when 38 is divided by 10/(-2 - u/2)?
18
Let r = -60 - -98. What is the remainder when r is divided by -2 - -9 - (-3 - 0)?
8
Let l be 2 - 1 - (0 - -40). Let i = l - -61. Calculate the remainder when 65 is divided by i.
21
Let p = 7 - 5. What is the remainder when p is divided by 1?
0
Suppose 2*z = -2*z. Suppose -5*a - 4*r + 26 = z, -2 = 4*a - 3*r + 2. Calculate the remainder when a is divided by 2.
0
Let l(p) = -p**3 - 10*p**2 + 10*p - 9. What is the remainder when 10 is divided by l(-11)?
0
Let o = 48 - -57. Calculate the remainder when o is divided by 53.
52
Suppose -4*f = t - 41, t + 3*f - 34 = 6*f. Let w(h) = 10 - 3 + 3 + h - 5. Calculate the remainder when t is divided by w(14).
18
Suppose 3*w - 2*w = -7. Let v(y) = 3*y - 1 - 2 - 5*y. Calculate the remainder when v(w) is divided by 6.
5
Suppose 0 = -8*y + 6*y + 2, -5*g + y + 769 = 0. What is the remainder when g is divided by 26?
24
Let q = -17 - -30. Calculate the remainder when q is divided by 3.
1
Let k(z) = -z**2 - 12*z + 17. Calculate the remainder when 15 is divided by k(-13).
3
Let d = -9 + 23. Let n be (1 + 4/(-8))*-2. Let t(q) = -26*q**3 + 2*q**2 + q. What is the remainder when t(n) is divided by d?
13
Let w(t) = t**2 - 3*t + 3. Calculate the remainder when 9 is divided by w(3).
0
Let k = -4 - -11. Let i(g) = -g**3 - 2*g**2 + g - 4. Let h be i(-3). Suppose h*o - 7 + 1 = 0. What is the remainder when k is divided by o?
1
Suppose 5*m + 0*m = -3*t + 17, -2*m = 4*t - 4. Let c = 21 - m. Calculate the remainder when c is divided by 5.
2
What is the remainder when (22 - -2)/(6/4) is divided by 9?
7
Suppose -414 = -7*c - 134. Calculate the remainder when 198 is divided by c.
38
Suppose 5*c + 5*w - 30 = 0, w - 3*w = 4*c - 16. Suppose -2*x - 38 = -4*k, x - 27 - c = -2*k. Calculate the remainder when 47 is divided by k.
11
Suppose -k + 6*k = 25. Suppose 48 = k*j + 3. What is the remainder when 3/(-4*12/(-272)) is divided by j?
8
Let w = 8 - -6. Let y = -100 - -140. Calculate the remainder when y is divided by w.
12
Let u = 5 + -2. Suppose u*q - 80 = 85. Calculate the remainder when q is divided by 14.
13
Suppose m = 6*m - 30. Calculate the remainder when 11 is divided by m.
5
Calculate the remainder when 40 is divided by 22 - ((-2 - 1) + 4).
19
Let d(o) = o + 2. Calculate the remainder when d(6) is divided by (-9)/(-6) - (28/(-8) - -2).
2
Let n(j) = j**3 + 7*j**2 - j + 5. Suppose 4*s - 2*g - 3*g - 18 = 0, 2*s + 3*g = 20. Calculate the remainder when n(-7) is divided by s.
5
Suppose 10*v - 195 = 5*v. What is the remainder when 75 is divided by v?
36
Let d = -9 + 26. Suppose 35 = 3*s - 5*o - d, -5*s - o + 124 = 0. Suppose 0 = 3*f - s - 3. What is the remainder when 16 is divided by f?
7
Let b be 34/(-14) - (-18)/42. Let y(v) = 3*v + 3. Calculate the remainder when y(5) is divided by (10/4)/(b/(-4)).
3
Suppose 65 = -3*f + 8*f. Calculate the remainder when 49 is divided by f.
10
Let d be (-8)/36 + (-7)/9. Calculate the remainder when 2 - (d - 116*1) is divided by 30.
29
Let o(h) = h**2 + 1. Calculate the remainder when 26 is divided by o(3).
6
Let g = 4 + -3. Let v = 7 - g. What is the remainder when v is divided by 4?
2
Suppose -2*t + 4*a + 101 = -13, 2*t - 108 = a. Calculate the remainder when t is divided by 14.
11
Suppose -2*w = 5*s - 20, 7 = w - 0*w + s. Suppose -5*k + 95 = 3*l - 0, -100 = -w*k - 2*l. Calculate the remainder when 134*3/6 - 2 is divided by k.
21
Let c be (-10)/4*1*-6. Suppose 5*m = 140 - c. What is the remainder when m is divided by 7?
4
Suppose 0 = -0*s + 2*s - 36. Suppose 64 = -0*g + 4*g. Let a = g - 9. Calculate the remainder when s is divided by a.
4
Suppose -28 = v - 4. Calculate the remainder when 34 is divided by (-74)/(-8) - (-6)/v.
7
Let j be 3/(-4)*1*24. Let h = j - -56. Calculate the remainder when h is divided by 10.
8
Let g be (-4)/10 - (-692)/(-20). Let t = -17 - g. Calculate the remainder when t is divided by 10.
8
Let s = -5 - -13. Suppose -14 = 4*h + 2, -3*h - 12 = -3*t. Suppose -z + 14 + 9 = t. Calculate the remainder when z is divided by s.
7
Suppose n + 480 = 5*i, -5*i + n - 96 = -6*i. Let c = -34 + i. What is the remainder when c is divided by 21?
20
Suppose -3*o - 4 - 2 = -3*c, -2 = 2*o - c. Suppose o = -2*g - g + 33. Calculate the remainder when 3 + -2 + 0 - -19 is divided by g.
9
Let m(n) = -n + 34. Suppose 122 = -3*r + 5*j + 320, -r = 5*j - 66. Calculate the remainder when r is divided by m(0).
32
Let q = -27 - -60. Let f = 2 + 10. Calculate the remainder when q is divided by f.
9
Let o(n) = -n**3 + 9*n**2 - 9*n + 12. Let s be o(8). Let a = s - 4. Suppose a = -0*w - w + 38. What is the remainder when w is divided by 13?
12
Let d = 11 - 7. Let i be 312/(-32) - 1/4. Let z = -3 - i. Calculate the remainder when z is divided by d.
3
What is the remainder when 14 is divided by 282/30 - 2/5?
5
Let i(l) = 3*l**2 - l - 1. Let s(t) = t + 12. Let m be s(-8). Let d = 0 + m. What is the remainder when i(-2) is divided by d?
1
Let a(b) = b + 7. Calculate the remainder when 7 is divided by a(-5).
1
Let s = -31 - -33. What is the remainder when s is divided by 1?
0
Suppose -t = -54 + 32. Calculate the remainder when t is divided by 12.
10
Let l(t) = 6*t**2 - 2*t + 1. Let g be l(1). Suppose -3*o + 3*a - 1 = g, 10 = 3*o + a. What is the remainder when o is divided by 1?
0
Suppose -2*l = -7*l + 90. Calculate the remainder when 184/l - (-6)/(-27) is divided by 3.
1
Suppose 0 = 3*u + 2*a + 5 - 3, -u - 2 = a. Suppose 5*d + 3 = -u, -4*q = -2*d - 10. Let y(h) = h - 3. Calculate the remainder when q is divided by y(5).
0
Suppose -3*b + 5*z + 25 = 0, 8 = -7*z + 3*z. What is the remainder when 9 is divided by b?
4
What is the remainder when 39 is divided by (55/15*3)/1?
6
Suppose 4*q - 4*s = 56, 3*s = 4*q + q - 72. Calculate the remainder when 58 is divided by q.
13
Suppose -32 = -0*d - 2*d. Suppose -2*g + 7*g = -5*q + 45, 3*q + 36 = 4*g. What is the remainder when d is divided by g?
7
Let l = 42 - 13. Suppose -v + 2*v - 5*a = -25, -5*a = 5*v + 95. Let s = v + l. Calculate the remainder when s is divided by 6.
3
Let k(x) = x**2 - x + 4. Suppose 0 = -4*b - 0*b + 2*a + 48, -9 = -b + 2*a. What is the remainder when k(-4) is divided by b?
11
Let r(x) = 2*x**2 + 3*x - 2. Let i be r(-3). Suppose u + i = 2*d, 2*d - 13 = 2*u - 5. What is the remainder when 13 is divided by 6 - (1 + -1) - u?
6
Let w = 71 - 32. Suppose 4*n = n + w. Calculate the remainder when n is divided by 4.
1
What is the remainder when (-10 + 9)*(-163 - 0) - 0 is divided by 11?
9
Let g(i) = 10*i**2 + 2*i + 3. Calculate the remainder when g(-2) is divided by 10.
9
Let o(f) = f**2 + 12*f + 2. Calculate the remainder when o(5) is divided by 11.
10
Let d = 9 + -6. Suppose 3*r + d = 21. What is the remainder when -22*((-6)/4)/3 is divided by r?
5
Suppose 0 = -2*g - 3*g + 215. Suppose -y + 5 = -10. What is the remainder when g is divided by y?
13
Let p = 4 - -24. Suppose 5*o - 2*h - 76 = 5, 5*o - 3*h - 84 = 0. Calculate the remainder when p is divided by o.
13
Suppose 0 = v + 2*a - 33, -2*v = -v + 3*a - 31. Calculate the remainder when 50 is divided by (v + (-4 - -1))/2.
16
Suppose j = 37 - 31. Calculate the remainder when 11 is divided by j.
5
Suppose 92 = 5*u + 4*z, 4*u + 1 = z + 83. What is the remainder when 57 is divided by u?
17
Let j be (-40)/(-16)*(-424)/(-5). Suppose j = 5*z - z. What is the remainder when z is divided by 14?
11
Let x(z) = -3 + 7*z + 2 - 2 + z. Let t = -72 + 109. What is the remainder when t is divided by x(2)?
11
Let w = -74 - -83. What is the remainder when 89 is divided by w?
8
Let s(u) = 5 + 6*u - 4*u**2 + 4 + 5*u**2. Calculate the remainder when 42 is divided by s(-6).
6
Suppose 0 = 2*f, 2*f = -3*t + 5*f - 12. What is the remainder when 456/16*t/(-6) is divided by 5?
4
Let w(d) be the first derivative of 7*d**2/2 + 2. Calculate the remainder when w(4) is divided by (-27)/(-3) - (1 - 2).
8
Suppose -8 - 44 = -2*f. Calculate the remainder when f is divided by 39/6 + 2/4.
5
Suppose -3*t + 327 - 77 = -5*g, 3*t + 2